{"id":295,"date":"2008-11-25T08:24:24","date_gmt":"2008-11-25T06:24:24","guid":{"rendered":"http:\/\/localhost\/wordpress\/?page_id=295"},"modified":"2008-12-05T19:18:20","modified_gmt":"2008-12-05T17:18:20","slug":"accessoires","status":"publish","type":"page","link":"http:\/\/www.silberblick-dreieich.de\/?page_id=295","title":{"rendered":"Accessoires"},"content":{"rendered":"<p align=\"center\">&nbsp;<\/p>\n<p style=\"text-align: center;\"><img loading=\"lazy\" decoding=\"async\" class=\"aligncenter\" src=\"\/wp-content\/uploads\/bilder\/Accessoires\/acc ketten 4.jpg\" border=\"0\" alt=\"\" width=\"244\" height=\"169\" \/><\/p>\n<p class=\"MsoNormal\" style=\"text-align: center;\"><span style=\"font-family: &quot;Verdana&quot;,&quot;sans-serif&quot;;\">Mit einem Gutschein von Silberblick, <\/span><\/p>\n<p class=\"MsoNormal\" style=\"text-align: center;\"><span style=\"font-family: &quot;Verdana&quot;,&quot;sans-serif&quot;;\">ausgefallenen Brillen-Ketten, lustigen Kontaktlinsenbeh\u00e4ltern, <\/span><\/p>\n<p class=\"MsoNormal\" style=\"text-align: center;\"><span style=\"font-family: &quot;Verdana&quot;,&quot;sans-serif&quot;;\">Brillenetuis in allen Preislagen, Mikrofasert\u00fccher oder Brillen-Pflege-Sets <\/span><\/p>\n<p class=\"MsoNormal\" style=\"text-align: center;\"><span style=\"font-family: &quot;Verdana&quot;,&quot;sans-serif&quot;;\">k\u00f6nnen Sie lieben Menschen oder auch sich selbst jederzeit Freude bereiten.<\/span><\/p>\n<p align=\"center\">&nbsp;<\/p>\n<p style=\"text-align: center;\"><img loading=\"lazy\" decoding=\"async\" class=\"aligncenter\" src=\"\/wp-content\/uploads\/bilder\/Accessoires\/acc gutschein.jpg\" style=\"margin-right:150px\" border=\"0\" alt=\"\" width=\"209\" height=\"138\" \/> <img loading=\"lazy\" decoding=\"async\" src=\"\/wp-content\/uploads\/bilder\/Accessoires\/acc etuis 2.jpg\" border=\"0\" alt=\"\" width=\"249\" height=\"165\" \/><\/p>\n","protected":false},"excerpt":{"rendered":"<p>&nbsp; Mit einem Gutschein von Silberblick, ausgefallenen Brillen-Ketten, lustigen Kontaktlinsenbeh\u00e4ltern, Brillenetuis in allen Preislagen, Mikrofasert\u00fccher oder Brillen-Pflege-Sets k\u00f6nnen Sie lieben Menschen oder auch sich selbst jederzeit Freude bereiten. &nbsp;<\/p>\n","protected":false},"author":1,"featured_media":0,"parent":0,"menu_order":5,"comment_status":"closed","ping_status":"closed","template":"","meta":{"footnotes":""},"class_list":["post-295","page","type-page","status-publish","hentry"],"_links":{"self":[{"href":"http:\/\/www.silberblick-dreieich.de\/index.php?rest_route=\/wp\/v2\/pages\/295","targetHints":{"allow":["GET"]}}],"collection":[{"href":"http:\/\/www.silberblick-dreieich.de\/index.php?rest_route=\/wp\/v2\/pages"}],"about":[{"href":"http:\/\/www.silberblick-dreieich.de\/index.php?rest_route=\/wp\/v2\/types\/page"}],"author":[{"embeddable":true,"href":"http:\/\/www.silberblick-dreieich.de\/index.php?rest_route=\/wp\/v2\/users\/1"}],"replies":[{"embeddable":true,"href":"http:\/\/www.silberblick-dreieich.de\/index.php?rest_route=%2Fwp%2Fv2%2Fcomments&post=295"}],"version-history":[{"count":37,"href":"http:\/\/www.silberblick-dreieich.de\/index.php?rest_route=\/wp\/v2\/pages\/295\/revisions"}],"predecessor-version":[{"id":668,"href":"http:\/\/www.silberblick-dreieich.de\/index.php?rest_route=\/wp\/v2\/pages\/295\/revisions\/668"}],"wp:attachment":[{"href":"http:\/\/www.silberblick-dreieich.de\/index.php?rest_route=%2Fwp%2Fv2%2Fmedia&parent=295"}],"curies":[{"name":"wp","href":"https:\/\/api.w.org\/{rel}","templated":true}]}}