{"id":30,"date":"2008-09-16T13:26:23","date_gmt":"2008-09-16T11:26:23","guid":{"rendered":"http:\/\/localhost\/wordpress\/?page_id=30"},"modified":"2014-04-11T16:11:14","modified_gmt":"2014-04-11T15:11:14","slug":"no-color","status":"publish","type":"page","link":"http:\/\/www.silberblick-dreieich.de\/?page_id=30","title":{"rendered":"Kontaktlinse"},"content":{"rendered":"<p align=\"center\">&nbsp;<\/p>\n<p class=\"MsoNormal\" style=\"text-align: center; line-height: 150%;\" align=\"center\"><strong><span style=\"font-family: &quot;Verdana&quot;,&quot;sans-serif&quot;;\">Kontaktlinsen<\/span><\/strong><\/p>\n<p class=\"MsoNormal\" style=\"text-align: center; line-height: 150%;\" align=\"center\"><strong><span style=\"font-family: &quot;Verdana&quot;,&quot;sans-serif&quot;;\">vom<\/span><\/strong><\/p>\n<p class=\"MsoNormal\" style=\"text-align: center; line-height: 150%;\" align=\"center\"><strong><span style=\"font-family: &quot;Verdana&quot;,&quot;sans-serif&quot;;\">Spezialisten<\/span><\/strong><\/p>\n<p class=\"MsoNormal\" style=\"text-align: center; line-height: 150%;\" align=\"center\"><strong><span style=\"font-family: &quot;Verdana&quot;,&quot;sans-serif&quot;;\"> <\/span><\/strong><\/p>\n<p class=\"MsoNormal\" style=\"text-align: center; line-height: 150%;\" align=\"center\"><strong><span style=\"font-family: &quot;Verdana&quot;,&quot;sans-serif&quot;;\">f\u00fcr ein brilliantes Sehen und gesunde Augen<\/span><\/strong><\/p>\n<p align=\"center\">&nbsp;<\/p>\n<p class=\"MsoNormal\" style=\"line-height: 150%;\"><strong><span style=\"font-family: &quot;Verdana&quot;,&quot;sans-serif&quot;;\"> <\/span><\/strong><\/p>\n<p class=\"MsoNormal\" style=\"margin-left: 35.45pt; line-height: 150%;\"><span style=\"font-family: &quot;Verdana&quot;,&quot;sans-serif&quot;;\">Zusammen mit Ihrem Silberblick-Spezialisten k\u00f6nnen Sie zwischen 60 verschiedene Kontaklinsen ausw\u00e4hlen. Wir f\u00fchren harte und weiche Kontaktlinsen (Tages-, 2-Wochen-, Montas- und<br \/>\nJahres-Kontaktlinsen) aller namenhafter Hersteller!<\/span><\/p>\n<p align=\"center\">&nbsp;<\/p>\n<p class=\"MsoNormal\" style=\"margin-left: 35.45pt; line-height: 150%;\"><span style=\"font-family: &quot;Verdana&quot;,&quot;sans-serif&quot;;\"> <\/span><\/p>\n<p class=\"MsoNormal\" style=\"margin-left: 70.9pt; line-height: 150%;\"><strong><span style=\"font-family: &quot;Verdana&quot;,&quot;sans-serif&quot;;\">F\u00fcr jeden ist etwas dabei:<\/span><\/strong><\/p>\n<p class=\"MsoNormal\" style=\"margin-left: 70.9pt; line-height: 150%;\"><span style=\"font-family: &quot;Verdana&quot;,&quot;sans-serif&quot;;\">Kontaklinsen<\/span><\/p>\n<p class=\"MsoNormal\" style=\"margin-left: 120.5pt; text-indent: -14.15pt; line-height: 150%;\"><span style=\"font-size: 9pt; line-height: 150%; font-family: Symbol;\"><span>\u00b7<span style=\"font-style: normal; font-variant: normal; font-weight: normal; font-size: 7pt; line-height: normal; font-size-adjust: none; font-stretch: normal; font-family: &quot;Times New Roman&quot;;\"> <\/span><\/span><\/span><span style=\"font-family: &quot;Verdana&quot;,&quot;sans-serif&quot;;\">ohne und mit Hornhautverkr\u00fcmmung<\/span><\/p>\n<p class=\"MsoNormal\" style=\"margin-left: 120.5pt; text-indent: -14.15pt; line-height: 150%;\"><span style=\"font-size: 9pt; line-height: 150%; font-family: Symbol;\"><span>\u00b7<span style=\"font-style: normal; font-variant: normal; font-weight: normal; font-size: 7pt; line-height: normal; font-size-adjust: none; font-stretch: normal; font-family: &quot;Times New Roman&quot;;\"> <\/span><\/span><\/span><span style=\"font-family: &quot;Verdana&quot;,&quot;sans-serif&quot;;\">Gleitsichtlinsen<\/span><\/p>\n<p class=\"MsoNormal\" style=\"margin-left: 120.5pt; text-indent: -14.15pt; line-height: 150%;\"><span style=\"font-size: 9pt; line-height: 150%; font-family: Symbol;\"><span>\u00b7<span style=\"font-style: normal; font-variant: normal; font-weight: normal; font-size: 7pt; line-height: normal; font-size-adjust: none; font-stretch: normal; font-family: &quot;Times New Roman&quot;;\"> <\/span><\/span><\/span><span style=\"font-family: &quot;Verdana&quot;,&quot;sans-serif&quot;;\">Tag und Nacht Linsen<\/span><\/p>\n<p class=\"MsoNormal\" style=\"margin-left: 120.5pt; text-indent: -14.15pt; line-height: 150%;\"><span style=\"font-size: 9pt; line-height: 150%; font-family: Symbol;\"><span>\u00b7<span style=\"font-style: normal; font-variant: normal; font-weight: normal; font-size: 7pt; line-height: normal; font-size-adjust: none; font-stretch: normal; font-family: &quot;Times New Roman&quot;;\"> <\/span><\/span><\/span><span style=\"font-family: &quot;Verdana&quot;,&quot;sans-serif&quot;;\">\u201enur Nacht-Linsen\u201c<br \/>\n(tags\u00fcber <span style=\"text-decoration: underline;\">keine<\/span> Brille oder Kontaktinsen)<\/span><\/p>\n<p class=\"MsoNormal\" style=\"margin-left: 120.5pt; text-indent: -14.15pt; line-height: 150%;\"><span style=\"font-size: 9pt; line-height: 150%; font-family: Symbol;\"><span>\u00b7<span style=\"font-style: normal; font-variant: normal; font-weight: normal; font-size: 7pt; line-height: normal; font-size-adjust: none; font-stretch: normal; font-family: &quot;Times New Roman&quot;;\"> <\/span><\/span><\/span><span style=\"font-family: &quot;Verdana&quot;,&quot;sans-serif&quot;;\">Spezial-Linsen bei Hornhautver\u00e4nderungen oder Verletzungen (z.B. Keratokonus)<\/span><\/p>\n<p class=\"MsoNormal\" style=\"margin-left: 120.5pt; text-indent: -14.15pt; line-height: 150%;\"><span style=\"font-size: 9pt; line-height: 150%; font-family: Symbol;\"><span>\u00b7<span style=\"font-style: normal; font-variant: normal; font-weight: normal; font-size: 7pt; line-height: normal; font-size-adjust: none; font-stretch: normal; font-family: &quot;Times New Roman&quot;;\"> <\/span><\/span><\/span><span style=\"font-family: &quot;Verdana&quot;,&quot;sans-serif&quot;;\">farbige Kontaklinsen<\/span><\/p>\n<p align=\"center\">&nbsp;<\/p>\n<p align=\"center\">&nbsp;<\/p>\n<p style=\"text-align: center;\"><img loading=\"lazy\" decoding=\"async\" class=\"aligncenter\" src=\"\/wp-content\/uploads\/bilder\/Leistungen\/linse.jpg\" border=\"0\" alt=\"\" width=\"435\" height=\"290\" \/><\/p>\n","protected":false},"excerpt":{"rendered":"<p>&nbsp; Kontaktlinsen vom Spezialisten f\u00fcr ein brilliantes Sehen und gesunde Augen &nbsp; Zusammen mit Ihrem Silberblick-Spezialisten k\u00f6nnen Sie zwischen 60 verschiedene Kontaklinsen ausw\u00e4hlen. Wir f\u00fchren harte und weiche Kontaktlinsen (Tages-, 2-Wochen-, Montas- und Jahres-Kontaktlinsen) aller namenhafter Hersteller! &nbsp; F\u00fcr jeden ist etwas dabei: Kontaklinsen \u00b7 ohne und mit Hornhautverkr\u00fcmmung \u00b7 Gleitsichtlinsen \u00b7 Tag und Nacht [&hellip;]<\/p>\n","protected":false},"author":1,"featured_media":0,"parent":4,"menu_order":2,"comment_status":"closed","ping_status":"closed","template":"","meta":{"footnotes":""},"class_list":["post-30","page","type-page","status-publish","hentry"],"_links":{"self":[{"href":"http:\/\/www.silberblick-dreieich.de\/index.php?rest_route=\/wp\/v2\/pages\/30","targetHints":{"allow":["GET"]}}],"collection":[{"href":"http:\/\/www.silberblick-dreieich.de\/index.php?rest_route=\/wp\/v2\/pages"}],"about":[{"href":"http:\/\/www.silberblick-dreieich.de\/index.php?rest_route=\/wp\/v2\/types\/page"}],"author":[{"embeddable":true,"href":"http:\/\/www.silberblick-dreieich.de\/index.php?rest_route=\/wp\/v2\/users\/1"}],"replies":[{"embeddable":true,"href":"http:\/\/www.silberblick-dreieich.de\/index.php?rest_route=%2Fwp%2Fv2%2Fcomments&post=30"}],"version-history":[{"count":22,"href":"http:\/\/www.silberblick-dreieich.de\/index.php?rest_route=\/wp\/v2\/pages\/30\/revisions"}],"predecessor-version":[{"id":574,"href":"http:\/\/www.silberblick-dreieich.de\/index.php?rest_route=\/wp\/v2\/pages\/30\/revisions\/574"}],"up":[{"embeddable":true,"href":"http:\/\/www.silberblick-dreieich.de\/index.php?rest_route=\/wp\/v2\/pages\/4"}],"wp:attachment":[{"href":"http:\/\/www.silberblick-dreieich.de\/index.php?rest_route=%2Fwp%2Fv2%2Fmedia&parent=30"}],"curies":[{"name":"wp","href":"https:\/\/api.w.org\/{rel}","templated":true}]}}

<p align="center">&nbsp;</p>
<p class="MsoNormal" style="text-align: center; line-height: 150%;" align="center"><strong><span style="font-family: &quot;Verdana&quot;,&quot;sans-serif&quot;;">Kontaktlinsen</span></strong></p>
<p class="MsoNormal" style="text-align: center; line-height: 150%;" align="center"><strong><span style="font-family: &quot;Verdana&quot;,&quot;sans-serif&quot;;">vom</span></strong></p>
<p class="MsoNormal" style="text-align: center; line-height: 150%;" align="center"><strong><span style="font-family: &quot;Verdana&quot;,&quot;sans-serif&quot;;">Spezialisten</span></strong></p>
<p class="MsoNormal" style="text-align: center; line-height: 150%;" align="center"><strong><span style="font-family: &quot;Verdana&quot;,&quot;sans-serif&quot;;"> </span></strong></p>
<p class="MsoNormal" style="text-align: center; line-height: 150%;" align="center"><strong><span style="font-family: &quot;Verdana&quot;,&quot;sans-serif&quot;;">für ein brilliantes Sehen und gesunde Augen</span></strong></p>
<p align="center">&nbsp;</p>
<p class="MsoNormal" style="line-height: 150%;"><strong><span style="font-family: &quot;Verdana&quot;,&quot;sans-serif&quot;;"> </span></strong></p>
<p class="MsoNormal" style="margin-left: 35.45pt; line-height: 150%;"><span style="font-family: &quot;Verdana&quot;,&quot;sans-serif&quot;;">Zusammen mit Ihrem Silberblick-Spezialisten können Sie zwischen 60 verschiedene Kontaklinsen auswählen. Wir führen harte und weiche Kontaktlinsen (Tages-, 2-Wochen-, Montas- und<br />
Jahres-Kontaktlinsen) aller namenhafter Hersteller!</span></p>
<p align="center">&nbsp;</p>
<p class="MsoNormal" style="margin-left: 35.45pt; line-height: 150%;"><span style="font-family: &quot;Verdana&quot;,&quot;sans-serif&quot;;"> </span></p>
<p class="MsoNormal" style="margin-left: 70.9pt; line-height: 150%;"><strong><span style="font-family: &quot;Verdana&quot;,&quot;sans-serif&quot;;">Für jeden ist etwas dabei:</span></strong></p>
<p class="MsoNormal" style="margin-left: 70.9pt; line-height: 150%;"><span style="font-family: &quot;Verdana&quot;,&quot;sans-serif&quot;;">Kontaklinsen</span></p>
<p class="MsoNormal" style="margin-left: 120.5pt; text-indent: -14.15pt; line-height: 150%;"><span style="font-size: 9pt; line-height: 150%; font-family: Symbol;"><span>·<span style="font-style: normal; font-variant: normal; font-weight: normal; font-size: 7pt; line-height: normal; font-size-adjust: none; font-stretch: normal; font-family: &quot;Times New Roman&quot;;"> </span></span></span><span style="font-family: &quot;Verdana&quot;,&quot;sans-serif&quot;;">ohne und mit Hornhautverkrümmung</span></p>
<p class="MsoNormal" style="margin-left: 120.5pt; text-indent: -14.15pt; line-height: 150%;"><span style="font-size: 9pt; line-height: 150%; font-family: Symbol;"><span>·<span style="font-style: normal; font-variant: normal; font-weight: normal; font-size: 7pt; line-height: normal; font-size-adjust: none; font-stretch: normal; font-family: &quot;Times New Roman&quot;;"> </span></span></span><span style="font-family: &quot;Verdana&quot;,&quot;sans-serif&quot;;">Gleitsichtlinsen</span></p>
<p class="MsoNormal" style="margin-left: 120.5pt; text-indent: -14.15pt; line-height: 150%;"><span style="font-size: 9pt; line-height: 150%; font-family: Symbol;"><span>·<span style="font-style: normal; font-variant: normal; font-weight: normal; font-size: 7pt; line-height: normal; font-size-adjust: none; font-stretch: normal; font-family: &quot;Times New Roman&quot;;"> </span></span></span><span style="font-family: &quot;Verdana&quot;,&quot;sans-serif&quot;;">Tag und Nacht Linsen</span></p>
<p class="MsoNormal" style="margin-left: 120.5pt; text-indent: -14.15pt; line-height: 150%;"><span style="font-size: 9pt; line-height: 150%; font-family: Symbol;"><span>·<span style="font-style: normal; font-variant: normal; font-weight: normal; font-size: 7pt; line-height: normal; font-size-adjust: none; font-stretch: normal; font-family: &quot;Times New Roman&quot;;"> </span></span></span><span style="font-family: &quot;Verdana&quot;,&quot;sans-serif&quot;;">„nur Nacht-Linsen“<br />
(tagsüber <span style="text-decoration: underline;">keine</span> Brille oder Kontaktinsen)</span></p>
<p class="MsoNormal" style="margin-left: 120.5pt; text-indent: -14.15pt; line-height: 150%;"><span style="font-size: 9pt; line-height: 150%; font-family: Symbol;"><span>·<span style="font-style: normal; font-variant: normal; font-weight: normal; font-size: 7pt; line-height: normal; font-size-adjust: none; font-stretch: normal; font-family: &quot;Times New Roman&quot;;"> </span></span></span><span style="font-family: &quot;Verdana&quot;,&quot;sans-serif&quot;;">Spezial-Linsen bei Hornhautveränderungen oder Verletzungen (z.B. Keratokonus)</span></p>
<p class="MsoNormal" style="margin-left: 120.5pt; text-indent: -14.15pt; line-height: 150%;"><span style="font-size: 9pt; line-height: 150%; font-family: Symbol;"><span>·<span style="font-style: normal; font-variant: normal; font-weight: normal; font-size: 7pt; line-height: normal; font-size-adjust: none; font-stretch: normal; font-family: &quot;Times New Roman&quot;;"> </span></span></span><span style="font-family: &quot;Verdana&quot;,&quot;sans-serif&quot;;">farbige Kontaklinsen</span></p>
<p align="center">&nbsp;</p>
<p align="center">&nbsp;</p>
<p style="text-align: center;"><img loading="lazy" decoding="async" class="aligncenter" src="/wp-content/uploads/bilder/Leistungen/linse.jpg" border="0" alt="" width="435" height="290" /></p>

<p>&nbsp; Kontaktlinsen vom Spezialisten für ein brilliantes Sehen und gesunde Augen &nbsp; Zusammen mit Ihrem Silberblick-Spezialisten können Sie zwischen 60 verschiedene Kontaklinsen auswählen. Wir führen harte und weiche Kontaktlinsen (Tages-, 2-Wochen-, Montas- und Jahres-Kontaktlinsen) aller namenhafter Hersteller! &nbsp; Für jeden ist etwas dabei: Kontaklinsen · ohne und mit Hornhautverkrümmung · Gleitsichtlinsen · Tag und Nacht [&hellip;]</p>
